f(11).
8
Let p(v) = -v**3 + 8*v**2 + 20*v - 22. Determine p(11).
-165
Let c(v) = -v**3 - 8*v**2 + 20*v + 1. Give c(-10).
1
Let y(n) = -n**3 + 4*n**2 + n - 3. Determine y(3).
9
Let z(m) = -7*m. Calculate z(5).
-35
Let c(z) = 16*z - 67. What is c(4)?
-3
Let n(v) = 81*v - 2. Give n(1).
79
Let g(j) = -6*j - 4. Determine g(4).
-28
Let k(i) = -14*i**2 - 3*i. Give k(-2).
-50
Let g(r) = 3*r**2 - 26*r + 23. Determine g(7).
-12
Let v(c) = -c**3 + 4*c**2 + 3*c - 9. What is v(2)?
5
Let s(b) = 15*b**3. What is s(-1)?
-15
Let f(l) = 13*l - 65. Give f(4).
-13
Let n(i) = 4*i**3 + 19*i**2 - 3*i + 8. Determine n(-5).
-2
Let z(y) = -y**3 - 5*y**2 + 11*y + 5. Give z(-7).
26
Let j(p) = -p**3 - 2*p**2 + 4*p + 7. Give j(-3).
4
Let z(d) = d**2 - 9*d - 6. What is z(-6)?
84
Let c(q) = -8*q**3 + 8*q**2 + q - 6. What is c(3)?
-147
Let j(z) = -14*z**3 + z**2 - 5*z + 2. Calculate j(1).
-16
Let c(k) = -k - 34. What is c(-16)?
-18
Let q(o) = 15*o**2 + 75*o + 14. Calculate q(-5).
14
Let a(f) = -5*f + 10. Calculate a(4).
-10
Let u(p) = 6*p + 5. Calculate u(3).
23
Let b(h) = h**3 + 10*h**2 - 18*h - 69. Calculate b(-11).
8
Let j(z) = z**3 + 19*z**2 + z + 25. Give j(-19).
6
Let x(i) = -i**3 - 2*i**2 + i - 7. Give x(-3).
-1
Let t(c) = c**2 - 10*c - 19. What is t(13)?
20
Let t(o) = -o + 10. Determine t(14).
-4
Let p(g) = -g + 33. Calculate p(-14).
47
Let k(d) = d**3 + 8*d**2 + 3*d - 20. Give k(-8).
-44
Let o(u) = 7*u + 18. Give o(-6).
-24
Let x(j) = 2*j**2 + 41*j - 21. Determine x(-20).
-41
Let f(h) = -h**2 + 20*h + 43. What is f(22)?
-1
Let r(j) = -j**2 - 5*j + 3. Determine r(-4).
7
Let z(v) = v**2 + 12*v - 55. Calculate z(-16).
9
Let d(q) = q**3 + 10*q**2 + 7*q - 7. Give d(-9).
11
Let x(s) = s**3 + 10*s**2 + 6*s - 11. Calculate x(-9).
16
Let y(m) = -2*m - 12. What is y(-4)?
-4
Let h(f) = -5*f**3 + 13*f**2 + 5*f - 4. What is h(3)?
-7
Let u(f) = -f**3 + 13*f**2 - 5*f + 7. Calculate u(12).
91
Let u(g) = -g**2 - 7*g - 2. What is u(-4)?
10
Let l(v) = -75*v - 755. Calculate l(-10).
-5
Let t(s) = -24*s**2 - 7*s + 11. What is t(2)?
-99
Let x(w) = -49*w + 1. What is x(-1)?
50
Let s(h) = -37*h - 1. Give s(-1).
36
Let z(d) = -5*d + 16. What is z(9)?
-29
Let u(b) = -b**3 + 19*b**2 - b + 22. Determine u(19).
3
Let f(i) = -i**2 - 8*i + 52. Calculate f(-15).
-53
Let g(z) = -z - 15. Determine g(-7).
-8
Let u(f) = -f**2 + 5*f + 1. Determine u(2).
7
Let x(u) = 4*u + 9. Give x(5).
29
Let l(r) = -10*r - 4. Give l(-2).
16
Let k(i) = -4*i**3 - 2*i**2 + i - 18. What is k(0)?
-18
Let r(y) = y**3 + 4*y + 33. Calculate r(0).
33
Let s(c) = c**3 + 8*c**2 - 177*c + 57. What is s(-18)?
3
Let o(q) = 12*q + 139. Determine o(-12).
-5
Let v(u) = 8*u - 31. Give v(5).
9
Let o(r) = 4*r**3 + 8*r**2 + 13*r. Give o(-3).
-75
Let a(m) = m**3 + m**2 - 5*m - 8. What is a(-3)?
-11
Let o(u) = -u**3 - 21*u**2 + 24*u + 35. Determine o(-22).
-9
Let j(q) = -q**2 + 20*q + 105. Give j(-4).
9
Let v(q) = 4*q + 7. Calculate v(-2).
-1
Let d(j) = -6*j - 1. What is d(-4)?
23
Let p(g) = -6*g**2 - g. Give p(-1).
-5
Let s(u) = -u**3 + 8*u**2 - 3*u + 9. Give s(8).
-15
Let t(r) = -2*r**2 - 57*r + 74. Give t(-31).
-81
Let o(g) = -5*g**2 + 4*g - 7. Calculate o(3).
-40
Let u(w) = -11*w**3 - 3*w**2 - 4*w - 2. Determine u(-1).
10
Let b(v) = -v**3 + 6*v**2 + 4*v + 26. Calculate b(8).
-70
Let n(v) = 6*v - 5. Calculate n(2).
7
Let y(a) = -4*a - 34. What is y(-7)?
-6
Let b(t) = 2*t**3 - 11*t**2 - 8*t + 6. Determine b(6).
-6
Let y(n) = n + 54. What is y(0)?
54
Let o(f) = -f**3 + 10*f**2 + 10*f + 10. Determine o(11).
-1
Let l(q) = 2*q**3 + 89*q**2 - 44*q + 46. Determine l(-45).
1
Let c(n) = -12*n + 2. What is c(-1)?
14
Let h(y) = 4*y**2 + 4*y - 3. Calculate h(2).
21
Let b(o) = -o**3 + 17*o**2 - 38*o - 58. What is b(14)?
-2
Let j(y) = -y**2 + 2*y + 3. Calculate j(6).
-21
Let a(d) = -7*d - 1. What is a(2)?
-15
Let i(o) = -o**3 + o**2 - 5*o - 5. Give i(-2).
17
Let b(y) = -2*y**2 - 6*y + 2. What is b(-3)?
2
Let m(f) = 37*f + 114. Calculate m(-3).
3
Let m(s) = -s**2 + 12*s + 21. Determine m(8).
53
Let b(t) = 12*t + 29. Determine b(-5).
-31
Let j(q) = -12*q**2 - q - 2. Determine j(2).
-52
Let p(z) = -z - 4. Give p(3).
-7
Let h(t) = 17*t + 74. What is h(-7)?
-45
Let c(j) = -9*j**3 + 2*j**2 + 7*j - 7. What is c(1)?
-7
Let d(z) = z**2 - 5*z + 2. What is d(5)?
2
Let n(r) = 12*r + 2. Give n(-3).
-34
Let w(f) = -5*f - 28. Give w(0).
-28
Let u(s) = -s**3 + s**2 + 2*s + 1. Determine u(2).
1
Let g(a) = -a**2 + 10*a + 1. What is g(5)?
26
Let x(h) = 3*h + 3. Give x(-2).
-3
Let t(z) = 2*z**2 + 8*z - 8. What is t(-7)?
34
Let z(h) = h**3 + 4*h**2 - 7*h - 5. Calculate z(-6).
-35
Let p(w) = -w**3 + 8*w**2 - 19*w - 4. Give p(4).
-16
Let s(l) = -l**3 - 13*l**2 - 6*l - 32. What is s(-12)?
-104
Let g(m) = m**3 + 30*m**2 - 99*m - 11. Calculate g(-33).
-11
Let p(c) = -4*c - 10. Give p(6).
-34
Let x(d) = d**3 - 4*d**2 + 3*d - 2. Determine x(3).
-2
Let f(m) = -3*m - 2. Give f(-5).
13
Let n(b) = -b**2 + 6. Give n(0).
6
Let i(n) = 2*n**2 - 8*n + 11. Calculate i(7).
53
Let q(j) = -j**3 - 3*j**2 + 6*j + 16. Give q(-6).
88
Let a(r) = -6*r + 3. Calculate a(0).
3
Let p(y) = -y**3 - 8*y**2 - 5*y - 4. Determine p(-7).
-18
Let z(a) = a**2 - 6*a - 25. Calculate z(8).
-9
Let f(c) = 2*c**2 + 10*c + 3. Give f(-6).
15
Let t(l) = -5*l + 29. Determine t(9).
-16
Let o(q) = -q**2 + 3*q + 6. What is o(3)?
6
Let u(p) = -p**2 + 11. What is u(4)?
-5
Let d(a) = a**3 - 14*a**2 - 12*a + 6. What is d(15)?
51
Let d(v) = -2*v**3 - 3*v**2 - 3*v - 1. What is d(-2)?
9
Let a(y) = -29*y. Give a(-1).
29
Let q(y) = -y**3 - 5*y**2 + 6*y + 11. Give q(-5).
-19
Let o(u) = u**2 - 8*u + 9. Calculate o(6).
-3
Let u(m) = 14*m + 1. Give u(1).
15
Let y(n) = n**3 - 12*n**2 + 9*n + 6. What is y(11)?
-16
Let y(a) = a**3 + 7*a**2 - 11*a - 28. Determine y(-8).
-4
Let i(r) = 4*r**2 - 6*r - 2. Determine i(3).
16
Let n(j) = -j**3 + 14*j**2 - 10*j - 22. Determine n(13).
17
Let t(d) = 41*d**3 + d**2. Calculate t(1).
42
Let g(q) = -23*q - 10. What is g(-4)?
82
Let d(a) = -17*a + 89. Determine d(6).
-13
Let t(x) = -45*x**3 - 2*x**2 + 1. Calculate t(1).
-46
Let x(g) = -g**2 - 11*g - 7. Calculate x(-7).
21
Let l(c) = 3*c**2 - 81*c + 29. Give l(27).
29
Let d(u) = -14*u**2 + 2*u + 2. Calculate d(-1).
-14
Let i(g) = -3*g + 17. Give i(10).
-13
Let a(l) = l**2 - 8*l + 2. Calculate a(7).
-5
Let x(g) = 2*g**3 - 2*g - 1. Calculate x(-1).
-1
Let o(n) = -139*n + 3. Calculate o(1).
-136
Let x(s) = -s**3 + 47*s**2 + s - 53. Calculate x(47).
-6
Let g(z) = z**3 - 8*z**2 + z - 13. Determine g(8).
-5
Let v(j) = -j**3 - 11*j**2 - 12*j - 4. Give v(-10).
16
Let x(r) = -r**3 - 4*r**2 + 49*r + 29. Give x(-9).
-7
Let h(w) = w**3 + 11*w**2 + w - 5. Calculate h(-11).
-16
Let l(u) = -16*u + 498. Give l(32).
-14
Let x(a) = 7*a + 2. What is x(2)?
16
Let p(h) = -h + 21. What is p(19)?
2
Let f(u) = u**3 + 15*u**2 - 4*u - 45. What is f(-15)?
15
Let u(t) = -t**3 + 8*t**2 + 9*t - 1. What is u(9)?
-1
Let a(w) = -16*w**2 + 14*w - 26. Calculate a(2).
-62
Let p(i) = 2*i**2 - 143*i + 212. Determine p(70).
2
Let k(i) = 4*i - 42. Calculate k(4).
-26
Let z(l) = 5*l**2 - l - 2. Give z(-1).
4
Let c(j) = 7*j - 55. Give c(6).
-13
Let f(d) = d**3 - 5*d**2 + 4*d - 2. Determine f(4).
-2
Let x(v) = v**2 - 7*v - 1. Determine x(5).
-11
Let s(o) = -7*o - 5. Give s(5).
-40
Let u(s) = s**3 + s**2 - 3*s - 8. What is u(-3)?
-17
Let z(t) = -t**3 + 22*t**2 + 24*t - 34. Give z(23).
-11
Let p(n) = n**2 - 3*n - 14. Give p(-4).
14
Let f(u) = -16*u**3 - 3*u**2 + 3*u. Give f(1).
-16
Let t(u) = -4*u + 143. What is t(41)?
-21
Let d(c) = -4*c - 7. Give d(0).
-7
Let g(d) = d**2 + 10*d - 169. Give g(9).
2
Let i(d) = -2*d**3 - 34*d**2 - 5*d - 33. Calculate i(-17).
52
Let g(k) = -k**2 + 19*k - 4. Calculate g(19).
-4
Let g(h) = -2*h + 13. Give g(-10).
33
Let f(u) = u**3 + 7*u**2 + 10*u + 19. Determine f(-6).
-5
Let v(u) = -u**3 - 19*u**2 + 3*u - 17. What is v(-19)?
-74
Let x(l) = -l - 2. What is x(2)?
-4
Let r(d) = d**3 + 4*d**2 - 6*d + 6. Calculate r(-6).
-30
Let o(s) = 7*s**2 - s + 1. Give o(1).
7
Let t(r) = 2*r - 24. Give t(1).
-22
Let z(s) = 2*s - 19. Determine z(10).
1
Let v(c) = -2*c**3 + 11*c**2 + 31*c - 184. Give v(5).
-4
Let t(v) = -v**2 + 18*v - 39. What is t(16)?
-7
Let m(o) = -o**2 + 7*o - 4. Calculate m(0).
-4
Let w(c) = c**3 - 15*c**2 + 28*c - 12. What is w(13)?
14
Let p(c) = -16*c + 135. Wh